e
Is 3125039641 prime?
True
Is 60052304383 a prime number?
True
Is 68938058933 a prime number?
False
Is 2057355829 a composite number?
False
Is 90558400927 a prime number?
True
Is 539555879 prime?
True
Is 46393939649 prime?
True
Is 1813440971 a prime number?
False
Is 43616979355 prime?
False
Is 1989845147 a prime number?
True
Is 10923756853 prime?
False
Is 601624643 a prime number?
True
Is 42997158413 prime?
False
Is 677210323 a prime number?
False
Is 1607754103 a composite number?
True
Is 183623149 prime?
True
Is 2814285127 prime?
False
Is 24343109773 composite?
False
Is 28715701891 composite?
False
Is 39649343 composite?
False
Is 10822567549 prime?
False
Is 684709789 composite?
False
Is 15872836619 composite?
False
Is 1821289747 a composite number?
True
Is 4572589417 a prime number?
False
Is 5466092591 prime?
True
Is 2238945193 composite?
True
Is 2423112607 prime?
True
Is 235119821 prime?
True
Is 2427353273 prime?
False
Is 5845298159 composite?
True
Is 62754884279 a prime number?
True
Is 1348577689 composite?
False
Is 394687087 a composite number?
False
Is 27154676321 prime?
False
Is 4573906223 a composite number?
True
Is 210981437 a composite number?
True
Is 9827899643 a prime number?
True
Is 8029439419 prime?
True
Is 502026809 a composite number?
True
Is 22101982247 a prime number?
True
Is 3678055037 composite?
False
Is 950220409 a prime number?
False
Is 27733108633 a composite number?
True
Is 207700771 prime?
False
Is 20269712695 prime?
False
Is 105922078 a composite number?
True
Is 453825793 prime?
True
Is 630246761 a prime number?
True
Is 1342351849 a composite number?
True
Is 3650872691 a prime number?
True
Is 271803187 composite?
False
Is 2338039993 composite?
False
Is 1411441547 a composite number?
False
Is 1164542293 prime?
True
Is 58333104111 prime?
False
Is 4220377379 composite?
False
Is 394713061 composite?
False
Is 310052217 a prime number?
False
Is 9409757899 prime?
False
Is 91231996963 prime?
True
Is 4136483555 a composite number?
True
Is 37380281 a composite number?
False
Is 2634380849 a composite number?
False
Is 979038127 a prime number?
False
Is 20623580279 a composite number?
True
Is 121572931 composite?
True
Is 37486020827 a prime number?
False
Is 18022598483 a composite number?
False
Is 9189263429 a composite number?
False
Is 877075657 a composite number?
False
Is 35779234081 a prime number?
False
Is 1101872251 composite?
False
Is 1382743079 a composite number?
False
Is 3698304221 composite?
True
Is 1739540639 composite?
False
Is 29033530837 composite?
True
Is 263766648571 composite?
False
Is 216515737981 a composite number?
True
Is 157007119 composite?
True
Is 4219415957 a composite number?
True
Is 1143206443 a composite number?
False
Is 7264530523 a composite number?
False
Is 7830668519 a composite number?
True
Is 1067940793 a composite number?
True
Is 90451378837 composite?
False
Is 19251481789 composite?
False
Is 27236994143 a prime number?
True
Is 9092451637 composite?
False
Is 2499679657 a composite number?
False
Is 732098849 prime?
False
Is 2863975987 a composite number?
False
Is 223838252567 composite?
False
Is 55502504053 prime?
True
Is 4367383841 composite?
False
Is 14311759781 a composite number?
True
Is 1348487219 composite?
True
Is 2158428499 a composite number?
False
Is 1672637251 composite?
True
Is 5192380949 composite?
True
Is 49183790905 a composite number?
True
Is 3416264143 prime?
True
Is 8426574719 prime?
False
Is 264105581 prime?
False
Is 133352879827 a prime number?
True
Is 22465871 composite?
True
Is 1768597717 prime?
False
Is 12734153537 a prime number?
False
Is 16592673601 prime?
False
Is 4403044937 composite?
False
Is 379614918341 a prime number?
True
Is 4719264809 a prime number?
False
Is 3932812993 prime?
True
Is 6055918859 a composite number?
False
Is 3488230829 a prime number?
False
Is 204161068765 a composite number?
True
Is 943584217 a prime number?
False
Is 2571081397 a composite number?
False
Is 29529791237 a composite number?
False
Is 29308672447 composite?
False
Is 166439597 prime?
True
Is 33177061787 composite?
False
Is 169159567 a composite number?
False
Is 4879265261 a prime number?
False
Is 388796659 prime?
True
Is 3848673209 a composite number?
False
Is 1738395903 prime?
False
Is 205726753 a prime number?
False
Is 384897529 composite?
False
Is 194926675633 a composite number?
False
Is 161274751 prime?
False
Is 520990489 composite?
False
Is 343106173 composite?
False
Is 98372215985 a prime number?
False
Is 401104658 composite?
True
Is 597831743 prime?
True
Is 31775822763 composite?
True
Is 1703323657 prime?
False
Is 1220010619 a composite number?
True
Is 401657190229 prime?
False
Is 361641587 a composite number?
False
Is 24040757801 composite?
True
Is 607803087 a prime number?
False
Is 29168383 composite?
True
Is 1951366141 a composite number?
False
Is 40926308893 prime?
False
Is 6426892867 prime?
True
Is 460938019 a prime number?
True
Is 89487656123 composite?
False
Is 205545614273 composite?
False
Is 4645070449 a prime number?
True
Is 29787411827 prime?
True
Is 1708793909 a composite number?
True
Is 24157813711 prime?
False
Is 44825337103 prime?
True
Is 2318524673 a prime number?
False
Is 8230599235 prime?
False
Is 69091706371 a prime number?
True
Is 13606462897 composite?
False
Is 5506707589 prime?
False
Is 129611593 a prime number?
True
Is 286486481 composite?
False
Is 2164037929 composite?
False
Is 131929253 a prime number?
False
Is 12818812673 composite?
False
Is 5805118027 a prime number?
False
Is 762017161 composite?
False
Is 628770019 a composite number?
False
Is 604730587 a composite number?
False
Is 166659043 a prime number?
False
Is 202876409 a prime number?
True
Is 35397031897 a prime number?
True
Is 3128049179 prime?
True
Is 39126801733 a prime number?
False
Is 74996143 composite?
False
Is 10600570363 a composite number?
False
Is 1163589337 a composite number?
True
Is 3342514423 a prime number?
True
Is 55522640681 a prime number?
True
Is 41205480497 a prime number?
False
Is 5253415309 a prime number?
True
Is 1524662707 a prime number?
False
Is 26479314419 a prime number?
True
Is 11851393831 prime?
False
Is 7482382741 composite?
False
Is 2565967787 prime?
True
Is 138391103 prime?
False
Is 37473261809 a composite number?
False
Is 1648950319 a prime number?
True
Is 699300841 a prime number?
True
Is 3045718223 a composite number?
False
Is 12921124877 a composite number?
True
Is 1574108551 a composite number?
True
Is 32053602989 a composite number?
False
Is 105359113 a prime number?
False
Is 14992653917 a composite number?
False
Is 10740060361 a prime number?
False
Is 60440507737 a prime number?
True
Is 684508529 a composite number?
True
Is 3802660535 prime?
False
Is 899689451 a composite number?
False
Is 190435237 prime?
True
Is 159402653 a composite number?
True
Is 735777887 a prime number?
False
Is 377571127 a composite number?
True
Is 9899639447 prime?
True
Is 389092049 composite?
True
Is 2563243733 composite?
False
Is 4864357145 a composite number?
True
Is 5982094631 composite?
False
Is 39194241701 prime?
True
Is 1075831067 a prime number?
False
Is 8012942303 prime?
False
Is 398891281 composite?
True
Is 5543304707 a prime number?
True
Is 448391010691 a composite number?
True
Is 210886253 a composite number?
False
Is 12698376407 a prime number?
False
Is 487287607 prime?
True
Is 31242425887 prime?
False
Is 875535911 a composite number?
False
Is 38517054001 a composite number?
True
Is 5867906986 a prime number?
False
Is 172337259247 a prime number?
False
Is 4814153677 a composite number?
False
Is 56131679 composite?
True
Is 343638491 composite?
True
Is 4254897201 prime?
False
Is 132556789 a prime number?
True
Is 2796851047 a prime number?
True
Is 4245292511 composite?
True
Is 38770494697 prime?
False
Is 17465714143 a composite number?
True
Is 706392779 prime?
True
Is 6620482003 a composite number?
True
Is 10945598803 a composite number?
False
Is 9230370913 prime?
False
Is 810239263 prime?
True
Is 2433805565 a composite number?
True
Is 18171501527 prime?
True
Is 130212721 a prime number?
False
Is 305002637 composite?
True
Is 63465426599 a composite number?
True
Is 1114239923 a composite number?
False
Is 46597446769 composite?
False
Is 63869997613 composite?
False
Is